 - 306 = -0*t, 2*r = -t - 105. What is the units digit of 92/22 - (-18)/t?
4
Let f = -56 + 38. Suppose 33 + 21 = -6*k. Let i = k - f. What is the units digit of i?
9
Let d be 1 - (-3)/(9/(-30)). What is the units digit of (d/3)/((-2)/6)?
9
Let j(v) = -v + 12. Let y be j(12). Suppose -3*i + 3 = y, -4*z = -8*z + 4*i + 40. What is the units digit of z?
1
Let a be 1/3 + (-11)/(-3). Suppose 0 = -a*b - 0*b + 56. What is the tens digit of b?
1
Let j(k) = -3*k - 5. Let l be j(-5). Suppose -l + 5 = 5*x. Let f = x - -2. What is the units digit of f?
1
Let x(j) = -j**3 + 19*j**2 - 18*j + 15. What is the tens digit of x(18)?
1
Let f be (2 - 4)/(4/(-6)). Suppose 2*q = -4*m + 3*q + 17, f*m = q + 12. What is the units digit of m?
5
Suppose 36*c - 32*c = 356. What is the units digit of c?
9
Let y(a) = -4*a - 4. Let n be y(-4). Let p = 9 - n. What is the tens digit of -20*p/(-6)*-1?
1
Suppose 0 = 6*a - 7*a. Let u be (0/1)/(a + -1). Suppose h + 3*h - 56 = u. What is the units digit of h?
4
Suppose -5*r + 3 = -12. What is the units digit of r?
3
Suppose 5*f + 3*o - 4*o = 11, 4 = 4*f - 2*o. Suppose 2 = v + f*u - 11, 0 = v + 4*u - 16. Suppose v = -2*z + 16. What is the units digit of z?
6
What is the units digit of (-148)/(-20) - (-3)/5?
8
Suppose 4*n = 7*n - 429. What is the units digit of n?
3
Let r = -27 + 78. Suppose -r = -4*k + 65. What is the units digit of k?
9
Let h(r) be the first derivative of r**4/12 + r**3/2 + 3*r**2/2 + 2*r - 3. Let u(p) be the first derivative of h(p). What is the units digit of u(-2)?
1
Let f(r) = r - 5. Let j be f(9). Suppose j*n + 5 = -3*d - 6, -2*n = 4*d - 2. What is the units digit of d?
3
Let o(c) = 71*c**3 + 2*c**2 - c - 2. What is the units digit of o(1)?
0
Let d be (-2)/(-3 - -1)*6. Let c(s) = -2*s**2 + 27*s - 15. Let o(i) = i**2 - 14*i + 8. Let w(k) = 6*c(k) + 11*o(k). What is the tens digit of w(d)?
1
Let h(d) be the first derivative of -d**4/4 - 3*d**3 - d**2/2 + 4*d - 3. What is the units digit of h(-9)?
3
Let c(d) = d**3 - 6*d**2 - 3*d. Let l be c(6). Let a be 19/6 + 3/l. Suppose -3*i = 12, i + 4*i = a*f - 56. What is the units digit of f?
2
Suppose 4*a - 7*a = -9. Suppose -7 - a = -5*w. What is the units digit of w?
2
Let o = 14 - 8. Suppose 3 = h + o. What is the units digit of ((-16)/6)/(h/9)?
8
Suppose 0*j + 126 = 2*j. What is the tens digit of j?
6
What is the units digit of (-22)/(-2)*(-5 + 8)?
3
Let u be 6/(-9)*(-1 + -2). Let n(k) = -k**2 + 9*k - 9. Let x be n(7). What is the units digit of x*((u - 1) + 0)?
5
Let u = 151 - 101. What is the units digit of u?
0
Let m(w) = w - 1. Let v(r) = -r**2 - 12*r + 10. Let k(l) = 6*m(l) + v(l). Suppose 4*b = b - 18. What is the units digit of k(b)?
4
Let x be (-2)/((10/(-12))/(-5)). Let l = x - -22. Suppose 2*p = p + l. What is the tens digit of p?
1
Suppose -3*z = -6 - 78. What is the units digit of z?
8
Let g(z) = z**3 - 2*z**2 - 2*z - 3. Let d be g(3). Suppose -2 = -3*m - d*t + t, 2*t = -3*m + 14. What is the units digit of m?
2
Suppose -2*c = -4*c + 4. Suppose 0 = -c*k + k + 16. What is the tens digit of k?
1
Let j(l) = l**2 - 9*l + 9. Let q be j(8). Let c = 11 + q. What is the units digit of c?
2
Suppose 0*d + 223 = 3*d + 4*r, 3*d - 5*r - 187 = 0. What is the tens digit of d?
6
Let a = -342 + 578. What is the hundreds digit of a?
2
Suppose -3*m + 22 = -5*l, -3*l + 10 = -5*m - 4*l. Let w(u) = -u**2 + 7*u + 14. Let h be w(11). What is the units digit of (m/3)/(1/h)?
0
Suppose 0 = p + f - 53, 4*p - f - 247 = -p. Suppose -h - 4*h + p = 0. What is the tens digit of h?
1
Suppose -3*j - 2*d + 1 = 0, 5*d + 3 = 5*j - 7. What is the units digit of j?
1
Suppose 0 = -5*r + v + 75, -v = -5*r - 4*v + 75. What is the units digit of r?
5
Let c = 2 - -3. Suppose -96 = -c*i + 2*i. Suppose i - 7 = 5*v. What is the units digit of v?
5
Suppose 58 = -5*q + 263. What is the tens digit of q?
4
Let u = -340 - -586. What is the units digit of u?
6
What is the units digit of 2*(2 + 1/2)?
5
What is the units digit of 4/(-10 - -2)*-6?
3
Suppose -4*m - 95 = -1167. What is the units digit of m?
8
Suppose -c + 16 = 4*y - 23, -2*c = -3*y + 43. What is the tens digit of y?
1
Let t(w) be the second derivative of w**3/6 + 29*w**2/2 - w. Let z be t(0). Let a = z + -16. What is the units digit of a?
3
Let m be (-32)/18 + (-6)/27. Let o(t) = -2*t**2 + 8*t - 9. Let p be o(6). What is the units digit of (-253)/p - m/(-3)?
7
Let f = 0 + 11. Let l = f - -7. What is the tens digit of l?
1
What is the tens digit of (-3)/(-7) + 2144/28?
7
Let x(m) = -m**2 + 6*m + 2. Let q be x(6). Suppose -5*h + 29 = k, q*k = 4*h - 2*k - 4. What is the units digit of h?
5
Let o(a) = 2*a**2 + 2*a**2 + 9*a + 2*a - 3*a**2 + 13. What is the units digit of o(-11)?
3
Let v = -23 + 8. Let j be v/2*2/(-3). Let x = j - 0. What is the units digit of x?
5
Let q(v) = -v - 4. Let l be q(0). What is the units digit of (l/(-6))/(4/54)?
9
Suppose 3*p = -2*p - 25. Let u(w) = -w**2 - 7*w - 1. What is the units digit of u(p)?
9
Suppose 2*a - a + 25 = 0. Let y = a + 37. What is the units digit of y?
2
Let z(x) = 209*x**2 - 3*x - 3. What is the units digit of z(-1)?
9
Suppose -2*f = y - 34, -5*f - y + 64 = -21. Suppose -4*u - 1 + f = 0. Suppose -4*l - u*a = -0*a - 52, 62 = 4*l + 2*a. What is the units digit of l?
8
Suppose 0*c = 2*c - 12. What is the units digit of (-4)/6 - (-178)/c?
9
Suppose 0 = 2*q - 5*q + 15. Suppose -5*x - 15 = 0, -q*w + 3 + 3 = 3*x. What is the units digit of w?
3
Suppose -3*n - 2*o = 17, 0 = -o + 1 - 2. Let k be 48/5 - 2/n. Let h = k - 7. What is the units digit of h?
3
Let o(r) = 5*r - 7. Let i be o(9). Let p be i*(-1)/(-2) - 1. Let n = p - 11. What is the units digit of n?
7
Suppose -4*x + 63 + 61 = 0. What is the units digit of x?
1
Let p be (32/5)/((-3)/15). What is the units digit of (-3)/15 - p/10?
3
Suppose 13*v = 8*v + 390. What is the units digit of v?
8
What is the units digit of -21*((-2)/9 - (-20)/(-18))?
8
Let p = 94 - -1. What is the tens digit of p?
9
Let n be (-24)/(-18) + (-1)/3. Let z be 6/n*20/12. Suppose 3*f = 4*f - z. What is the tens digit of f?
1
Let k(r) = -3*r - 15. Let l be k(-10). Let b = l - 6. What is the units digit of b?
9
Suppose 44 = -2*i - 2*i. Let m = -8 - i. What is the units digit of m?
3
Let f be 20/(-6) + (-4)/6. What is the units digit of 20/(-15)*18/f?
6
Let s(v) = -v + 21. What is the units digit of s(12)?
9
Let v(c) = c**2 - 3*c - 11. Let g be v(-10). Let s = g + -82. What is the units digit of s?
7
Suppose 0*q = 4*q - 56. Suppose 0 = 5*b - q - 31. What is the units digit of b?
9
Let s be (333/4)/((-3)/(-8)). What is the tens digit of (-3)/(-15) - s/(-15)?
1
Suppose -3*n + 7*n = -208. Let k = n - -74. What is the tens digit of k?
2
Suppose 14*v - 7*v - 301 = 0. What is the units digit of v?
3
Let v = -150 + 211. What is the units digit of v?
1
Suppose 2*j + 4*c = 28, 5*c + 5 = -5. What is the tens digit of j?
1
Suppose -3*h = -4*a + 576, 4 + 417 = 3*a - 5*h. What is the tens digit of a?
4
Let z = -722 - -1078. What is the hundreds digit of z?
3
Let p(s) = -s**3 - 4*s**2 + 5*s - 8. Let i be p(-6). Let w = 64 - i. What is the tens digit of w?
3
Suppose -6*b = -10*b + 264. What is the units digit of b?
6
Let i(f) = -2*f - 1. Let d be i(3). Let b = 10 + d. Suppose -3*m = 5*z + 1, -3*z + 17 = m + b*m. What is the units digit of m?
8
Let d = -23 + 32. What is the units digit of d?
9
Let a be (-2 + 2 - 8)/(-2). Suppose 4*r - 4 = 4*v, 0 = a*v - 2*v + 4*r + 14. What is the units digit of -2 + v/((-6)/20)?
8
Let p(x) = -2*x + 3. Let n be p(4). Let b(o) = o**3 + 5*o**2 + o + 6. What is the units digit of b(n)?
1
Suppose 2*j - 12 = 4*s, 0*j + 3*s + 6 = j. Let f = 17 - j. What is the units digit of f?
1
Let w be (-1*2)/((-6)/9). Let y be (-6)/(-9) + (-26)/(-6). Suppose 5*j - 24 = -2*z, 0 = -w*z - 3*j + y*j + 17. What is the units digit of z?
7
Let x = 80 + 71. What is the units digit of x?
1
Suppose 2*u + 5*a - 82 = -0*a, 0 = u - 3*a - 52. What is the tens digit of u?
4
Let s be (-5 - -3) + (5 - -1). Suppose -s*f + 7*f = 0. Suppose 4 = -f*r + 4*r. What is the units digit of r?
1
Suppose -a - 11*q = -13*q - 109, 0 = -3*a - 4*q + 317. What is the hundreds digit of a?
1
Let j(p) = p**2 + 14*p + 5. Let z(a) = -5*a - 2. Let q(y) = 3*j(y) + 8*z(y). Let g be q(1). Suppose 4*l = g*d - 48, 2*l = -2*l. Wh